 (-1 - 3)?
1
-2 + 3 + 2 + 0
3
Evaluate -1 - (-7 + (6 - 3)).
3
Evaluate 5 - 1 - ((0 - 0) + -1).
5
Evaluate 6 + 0 + -8 + 1.
-1
2 + 2 + -1 - 4
-1
Calculate (-4 - -9) + -6 + -1.
-2
Calculate -2 + 1 - (6 + 3 + -4).
-6
-7 - (-7 + (6 - 3))
-3
Evaluate 16 - (14 + -9 + 4).
7
-3 + 11 - (0 + 3)
5
What is 2 + -10 + 13 + -5 + -4?
-4
What is 7 - (4 + 4) - (-4 - 1)?
4
Calculate 1 + 3 + 1 + -5.
0
(14 - 3) + -3 - (0 - -3)
5
Calculate (2 + 1 - 10) + 6.
-1
What is the value of 3 + (-2 - 5) - (-4 + 4)?
-4
What is the value of (1 - 2) + -11 + (21 - 1)?
8
-31 - -20 - (0 + -7)
-4
What is the value of (1 - 8) + -22 + 26?
-3
Evaluate -8 - (-1 - (-1 + 4)).
-4
4 - (2 - 1 - -8)
-5
What is -6 - (-5 + 5 + -4)?
-2
-10 + (0 - 3 - (37 - 45))
-5
2 + -6 + (1 - -2) - 7
-8
What is -10 - -13 - (2 - 0)?
1
Evaluate 2 + -1 + -4 + 1 + 6.
4
What is the value of 8 + -18 - (1 - 20)?
9
Evaluate -21 + 19 - (1 + -1).
-2
Evaluate 4 - (1 - ((5 - -1) + -5)).
4
Evaluate (-2 - (-3 - 1)) + (5 - 3).
4
-2 - (-4 + 7 + (1 - 10))
4
What is 1 - (-12 - (-4 + -3))?
6
Calculate 2 - ((1 - 3) + (-7 - -6)).
5
-5 - (3 - (-4 - -11))
-1
(-17 - -6 - -7) + 8
4
Evaluate (-5 - -3) + 1 - (-1 + 0).
0
Evaluate 1 - (-1 - -2) - (-26 + 27).
-1
What is 4 + -1 + -4 - (0 - 1)?
0
What is the value of -7 + (-4 - -11) + 5?
5
What is the value of 0 + 0 - (13 - 10) - -2?
-1
(0 - 1 - 3) + 4
0
Calculate -3 - 7 - (-24 - -16).
-2
-4 - (2 - (6 + -2) - -3)
-5
Evaluate 9 + -2 + -2 - 0.
5
Evaluate (11 - 7) + (-7 - 1) - -8.
4
Evaluate -3 + 3 - 2 - 1.
-3
Evaluate 4 - ((13 - 9) + (-4 - -3)).
1
Evaluate 4 + (-5 - -2) - (-2 - -2).
1
What is 0 + -2 + 6 + -4?
0
4 - (0 - (5 + -6)) - -1
4
What is the value of 7 + -9 + 5 + (5 - 1)?
7
-3 - (-5 + -4) - 2
4
Evaluate 7 + 1 + 3 + -8.
3
What is -4 - -6 - 5 - -7?
4
Evaluate 3 - (-6 + -4 + 6 + -3).
10
What is 5 - (-2 + 6) - (-2 - 0)?
3
-7 + 3 + -1 + -27 + 30
-2
What is 2 + 10 - (-1 - 1 - -9)?
5
What is (1 - -2) + -3 + (-2 - -3)?
1
Evaluate 3 + -5 + (3 - -2).
3
Calculate -6 + 19 + -7 + 0.
6
What is (0 - -4) + (0 + 5 - 4)?
5
What is 1 + 6 + 0 + -5?
2
What is 8 + -4 + (-4 - -10) - 6?
4
What is the value of 0 + (-1 - -6 - (3 - 2))?
4
What is -6 - (-6 - (2 + (4 - 7)))?
-1
Calculate 3 - (2 + (-2 - -4)) - 1.
-2
Calculate (-3 - ((3 - -1) + -3)) + -5.
-9
Evaluate 6 + (3 - 6) + 4.
7
3 + 2 + -2 - 1
2
Calculate 0 + (-2 + 2 - (-6 + 4)).
2
Evaluate 0 + (-5 - (2 - 7)).
0
What is -1 + 7 + (7 - 8)?
5
What is the value of 0 + 7 - (-1 - (1 + -6))?
3
What is 7 + (2 + 5 - 13)?
1
What is the value of -6 + -1 + (35 - 24)?
4
Calculate -4 + (-4 - -10) + (0 - -1).
3
2 + 4 + -5 + 3 - 6
-2
Evaluate -9 + (8 - (-3 + -2)).
4
Calculate 2 + (-5 - (-4 - -1)) - -5.
5
What is -1 + (10 - 1) + -5?
3
Evaluate 2 + 2 + -3 + (-6 - 1).
-6
What is -3 + 19 - 13 - (-1 - -2)?
2
What is 5 - (2 + 7 + -7)?
3
Evaluate 5 - 2 - (1 - 2).
4
What is the value of 4 - (6 + -3 + -1)?
2
Calculate -7 - (3 - 16) - 10.
-4
What is (356 - 345) + (-1 - (2 + -1))?
9
What is -4 - (8 + (-4 - 7))?
-1
What is -7 - (0 - 0 - -4 - 19)?
8
What is 0 + (-3 + -2 + 5 - 2)?
-2
Calculate (1 - -1) + 12 + -17 + 7.
4
What is the value of (-2 + -1 - -2) + -8 + 1?
-8
What is the value of (0 - (-3 + -1)) + 4 + -16?
-8
What is (-4 - (-9 + 6 + 4)) + 13?
8
(1 - (-1 + (-3 - -3))) + 1
3
What is -9 + (-2 - -1) + 6?
-4
What is 8 - ((22 - 2) + -7)?
-5
Evaluate 2 + -9 + 15 + -3.
5
What is the value of -14 - -2 - (-90 + 86)?
-8
Evaluate (-1 - (5 + -8)) + (0 - -1).
3
(4 - 2 - -2) + 21 + -24
1
Evaluate 9 - -4 - 5 - (-23 + 24).
7
Evaluate (0 - (0 - -1) - -6) + -9.
-4
7 + -11 + (2 - (-1 + 4))
-5
-1 + -1 - (-2 + -1 + 4)
-3
-5 - (-4 + 2 + -2)
-1
What is the value of -2 + (-1 - -7) + -2 + 2?
4
Evaluate (-6 - (1 + -2) - -5) + -5.
-5
What is the value of 41 - 49 - (0 + -10)?
2
Evaluate (-3 - -31 - 24) + 7 + -1.
10
Evaluate -9 + (-11 - -1) + 25.
6
What is 2 - 5 - (-6 - -4)?
-1
What is the value of 1 + (-3 - (-2 - 1)) + -3?
-2
What is the value of -9 + (-2 - -19) + -1?
7
(1 - 5 - -1) + -3 + 1
-5
Calculate (3 - (18 + -5)) + 7.
-3
What is (-7 + 8 - (2 - -2)) + 1?
-2
23 - 20 - (0 + -1 - 1)
5
What is the value of 0 + -1 + -6 + 3?
-4
-1 + -5 - (-1 - (2 - 4))
-7
Evaluate 6 + (-7 - (8 - (8 + -5))).
-6
Calculate (-2 - -5) + -3 - (6 + -10).
4
What is (-1 - 0) + (-2 - -8)?
5
What is 4 + -8 - (-1 + 0)?
-3
Evaluate 0 + 1 + (2 + 1 - 2).
2
Evaluate -5 - ((-1 - 4) + 16 + -20).
4
What is the value of -1 + 0 - (-15 + 5 + 4)?
5
What is the value of 6 - (4 + (0 - 1))?
3
0 + (4 - 3 - 8) - -3
-4
Evaluate -6 - (0 - (5 - (-1 - -3))).
-3
Calculate -2 + 1 - (-5 + (2 - -5)).
-3
What is the value of -15 + 2 - (62 + -71)?
-4
What is 5 - (7 + -2 + 3 + -2)?
-1
-20 + 33 - (2 - (-1 + -4))
6
Evaluate (6 - -1) + (7 - (-5 - -14)).
5
Calculate 3 - -3 - (-10 - -19).
-3
Calculate 7 - (3 - (3 + -6)).
1
What is -6 + (11 - 6) + 5?
4
Calculate -213 - -219 - (1 - (0 + 0)).
5
What is the value of -2 + 0 - (-4 + (8 - 6))?
0
-1 + 4 - ((25 - 12) + -9)
-1
What is -10 - -8 - (2 + (2 - 2))?
-4
What is 2 + 1 + -2 + -5?
-4
What is -28 - -25 - (-5 + -1)?
3
What is the value of -32 - -37 - (6 - -1)?
-2
-1 + 5 - (73 + -72)
3
Calculate 0 - (11 - (3 + 2)).
-6
What is the value of 3 - ((-3 - -4) + 7)?
-5
Calculate 4 - (1 - (-2 - (1 + -2))).
2
Evaluate 0 + 1 + (-5 - -7) - 4.
-1
2 - 0 - 4 - -5
3
-1 + -5 - -8 - -1
3
What is 7 + (0 - 0) + 2 + -4?
5
What is (9 + -12 - -8) + (-13 - -1)?
-7
What is -4 + (-5 - (1 - 8))?
-2
Calculate (0 - 0) + 9 + -13.
-4
Evaluate -7 + -2 + 27 + -14.
4
What is 8 - (9 - 0) - (1 + -5)?
3
What is -2 + -1 + (-1 - -4)?
0
What is the value of (1 - 7 - -5) + 2 + -3?
-2
Evaluate -2 + -2 + -3 + (4 - 1).
-4
Evaluate -4 + 0 + -5 + 10.
1
Evaluate -6 - ((18 - 11) + (-2 - 2)).
-9
Evaluate 17 + -28 + 7 + 5 + 1.
2
Calculate (-1 - (1 + (0 - -2))) + 4.
0
Evaluate -7 + 7 + (5 - -2) - 15.
-8
Calculate -1 - (0 + -1 + (8 - 7)).
-1
(0 - -1) + (3 - 5)
-1
What is 2 + -2 - 4 - (2 - 9)?
3
Evaluate (1 - 0) + -1 + -6 + 4.
-2
What is the value of -9 + 7 + -4 + 1?
-5
Calculate 9 + (-6 - (-5 + 3)).
5
What is 15 - 14 - ((-4 - -1) + 0)?
4
0 - (-5 + 1 - -1 - -1)
2
-4 + 10 + -4 + (-1 - 5)
-4
What is the value of -3 + (1 - -4) - (4 - -1)?
-3
What is -5 + (-1 + -3 - -14)?
5
What is -5 - (-11 - -1) - 1?
4
Evaluate (-2 - -1) + 1 + 3 + -7.
-4
Calculate 1 + 1 + -1 + -4.
-3
Evaluate -24 + 29 + (1 - 0) + -6.
0
What is (12 - (10 + -9)) + -19?
-8
Evaluate 3 + 4 + (-1 - (6 - -4)).
-4
Calculate 5 + (2 - 4 - 2).
1
What is -7 - ((6 - (-3 + 9)) + -12)?
5
Calculate -9 - (3 + (6 - 10)).
-8
Calculate -3 - (-2 - (4 + -2)).
1
Calculate (-14 - (2 + -9) - -3) + 3.
-1
Calculate 1 + 8 + -4 - (1 - -6).
-2
4 - 3 - (1 + -3) - 1
2
8 + (-9 - -1) + 2 + 0
2
What is 8 - -2 - (3 + (-3 - -3))?
7
Evaluate -4 - ((-2 - -10) + -14).
2
(0 - 20) + (248 - 237)
-9
What is the value of -2 - (-5 + (-1 - -5 - 5))?
4
What is the value of -3 + -2 - (-8 - (-10 + 5))?
-2
Calculate -13 - -5 - (-3 - 1).
-4
What is (-4 - -3) + 0 - 1 - 3?
-5
Calculate -10 + 13 + (-1 - -1) - -1.
4
What is 2 + 1 - (-10 + (5 - -3))?
5
Calculate 4 + 0 - (7 - 5).
2
What is the value of (2 + (4 - 3) - 6) + 2?
-1
-1 + (-3 - -1) - (-20 - -17)
0
What is 10 - (3 - 14 - -16)?
5
What is the value of 8 + -15 + 3 + -3?
-7
What is 3 + -5 - 0 - -5?
3
Calculate 13 + -8 + (3 - 5).
3
Evaluate -3 + (-13 - -19) + (1 - 7).
-3
0 + (-1 + 0 - (41 - 43))
1
What is the value of 3 - 3 - (-1 + -2)?
3
Calculate 16 - ((13 - 2) + -3).
8
What is the value of (3 - 7 - -2) + -5?
-7
Calculate (0 - (-2 + 5)) + -1 + 1.
-3
What is 3 - (-2 + 6 + -1 + -4)?
4
Calculate -1 + 15 - 11 - (1 + 2).
0
What is the value of 9 + -3 + 4 - 18?
-8
What is the value of (-2 - (3 + -3)) + -3?
-5
0 + -9 + 16 + -4
3
What is the value of -2 + -1 + -4 + (3 - -5)?
1
Evaluate -2 + (4 - (-1 + 7)).
-4
Evaluate 2 + 0 + -5 + (20 - 17).
0
What is the value of (-45 - -55) + (-17 - -3)?
-4
What is the value of 1 + (2 - 5) + 2 + -5?
-5
What is the value of -2 + -3 - (14 + -15)?
-4
Evaluate 4 + -5 + (-1 - 2) + -6.
-10
Evaluate -7 - (16 + -6) - -9.
-8
Evaluate (-2 - (4 + 0)) + 3.
-3
What is the value of (1 - -5) + -7 + -3?
-4
What is the value of -21 + 24 - (-2 - -6)?
-1
What is the value of 12 - ((18 - 10) + 6)?
-2
-1 + -1 - (-9 + 2)
5
What is the value of -2 + (10 - (3 + 1 + -1))?
5
What is -5 + (-2 - (-5 - (-3 + 3)))?
-2
Evaluate (-1 - (-1 + 2)) + 1 + 1.
0
0 - (3 - 5 - -8) - -1
-5
Calculate 1 + -14 - -3 - -2.
-